{"id":214,"date":"2023-06-09T09:36:55","date_gmt":"2023-06-09T12:36:55","guid":{"rendered":"https:\/\/superligadexadrez.com.br\/?page_id=214"},"modified":"2026-03-22T17:58:08","modified_gmt":"2026-03-22T20:58:08","slug":"sobre-nos","status":"publish","type":"page","link":"https:\/\/superligadexadrez.com.br\/?page_id=214","title":{"rendered":"Sobre n\u00f3s"},"content":{"rendered":"\t\t<div data-elementor-type=\"wp-page\" data-elementor-id=\"214\" class=\"elementor elementor-214\" data-elementor-post-type=\"page\">\n\t\t\t\t\t\t<section class=\"elementor-section elementor-top-section elementor-element elementor-element-f5ee0c9 animated-slow elementor-section-boxed elementor-section-height-default elementor-section-height-default elementor-invisible\" data-id=\"f5ee0c9\" data-element_type=\"section\" data-settings=\"{&quot;background_background&quot;:&quot;slideshow&quot;,&quot;background_slideshow_gallery&quot;:[{&quot;id&quot;:55,&quot;url&quot;:&quot;https:\\\/\\\/superligadexadrez.com.br\\\/wp-content\\\/uploads\\\/2023\\\/05\\\/Foto-banner.jpg&quot;}],&quot;animation&quot;:&quot;fadeIn&quot;,&quot;animation_tablet&quot;:&quot;fadeIn&quot;,&quot;animation_mobile&quot;:&quot;fadeIn&quot;,&quot;background_slideshow_loop&quot;:&quot;yes&quot;,&quot;background_slideshow_slide_duration&quot;:5000,&quot;background_slideshow_slide_transition&quot;:&quot;fade&quot;,&quot;background_slideshow_transition_duration&quot;:500}\">\n\t\t\t\t\t\t\t<div class=\"elementor-background-overlay\"><\/div>\n\t\t\t\t\t\t\t<div class=\"elementor-container elementor-column-gap-default\">\n\t\t\t\t\t<div class=\"elementor-column elementor-col-100 elementor-top-column elementor-element elementor-element-08404be\" data-id=\"08404be\" data-element_type=\"column\">\n\t\t\t<div class=\"elementor-widget-wrap elementor-element-populated\">\n\t\t\t\t\t\t<section class=\"elementor-section elementor-inner-section elementor-element elementor-element-7446a11 elementor-section-boxed elementor-section-height-default elementor-section-height-default\" data-id=\"7446a11\" data-element_type=\"section\">\n\t\t\t\t\t\t<div class=\"elementor-container elementor-column-gap-default\">\n\t\t\t\t\t<div class=\"elementor-column elementor-col-100 elementor-inner-column elementor-element elementor-element-29d69ca elementor-invisible\" data-id=\"29d69ca\" data-element_type=\"column\" data-settings=\"{&quot;animation&quot;:&quot;fadeInLeft&quot;}\">\n\t\t\t<div class=\"elementor-widget-wrap elementor-element-populated\">\n\t\t\t\t\t\t<div class=\"elementor-element elementor-element-16cdce9 elementor-widget elementor-widget-heading\" data-id=\"16cdce9\" data-element_type=\"widget\" data-widget_type=\"heading.default\">\n\t\t\t\t<div class=\"elementor-widget-container\">\n\t\t\t<style>\/*! elementor - v3.19.0 - 07-02-2024 *\/\n.elementor-heading-title{padding:0;margin:0;line-height:1}.elementor-widget-heading .elementor-heading-title[class*=elementor-size-]>a{color:inherit;font-size:inherit;line-height:inherit}.elementor-widget-heading .elementor-heading-title.elementor-size-small{font-size:15px}.elementor-widget-heading .elementor-heading-title.elementor-size-medium{font-size:19px}.elementor-widget-heading .elementor-heading-title.elementor-size-large{font-size:29px}.elementor-widget-heading .elementor-heading-title.elementor-size-xl{font-size:39px}.elementor-widget-heading .elementor-heading-title.elementor-size-xxl{font-size:59px}<\/style><h2 class=\"elementor-heading-title elementor-size-default\">Bem vindos a Superliga de Xadrez<\/h2>\t\t<\/div>\n\t\t\t\t<\/div>\n\t\t\t\t\t<\/div>\n\t\t<\/div>\n\t\t\t\t\t<\/div>\n\t\t<\/section>\n\t\t\t\t\t<\/div>\n\t\t<\/div>\n\t\t\t\t\t<\/div>\n\t\t<\/section>\n\t\t\t\t<section class=\"elementor-section elementor-top-section elementor-element elementor-element-3b33e8a elementor-section-boxed elementor-section-height-default elementor-section-height-default\" data-id=\"3b33e8a\" data-element_type=\"section\">\n\t\t\t\t\t\t<div class=\"elementor-container elementor-column-gap-default\">\n\t\t\t\t\t<div class=\"elementor-column elementor-col-100 elementor-top-column elementor-element elementor-element-5814483\" data-id=\"5814483\" data-element_type=\"column\">\n\t\t\t<div class=\"elementor-widget-wrap elementor-element-populated\">\n\t\t\t\t\t\t<div class=\"elementor-element elementor-element-403d0e4 elementor-invisible elementor-widget elementor-widget-heading\" data-id=\"403d0e4\" data-element_type=\"widget\" data-settings=\"{&quot;_animation&quot;:&quot;fadeIn&quot;}\" data-widget_type=\"heading.default\">\n\t\t\t\t<div class=\"elementor-widget-container\">\n\t\t\t<h2 class=\"elementor-heading-title elementor-size-default\">Quem somos n\u00f3s?<\/h2>\t\t<\/div>\n\t\t\t\t<\/div>\n\t\t\t\t\t<\/div>\n\t\t<\/div>\n\t\t\t\t\t<\/div>\n\t\t<\/section>\n\t\t\t\t<section class=\"elementor-section elementor-top-section elementor-element elementor-element-886bedf elementor-section-boxed elementor-section-height-default elementor-section-height-default\" data-id=\"886bedf\" data-element_type=\"section\">\n\t\t\t\t\t\t<div class=\"elementor-container elementor-column-gap-default\">\n\t\t\t\t\t<div class=\"elementor-column elementor-col-100 elementor-top-column elementor-element elementor-element-257a7f3\" data-id=\"257a7f3\" data-element_type=\"column\">\n\t\t\t<div class=\"elementor-widget-wrap elementor-element-populated\">\n\t\t\t\t\t\t<div class=\"elementor-element elementor-element-a0864c1 elementor-invisible elementor-widget elementor-widget-text-editor\" data-id=\"a0864c1\" data-element_type=\"widget\" data-settings=\"{&quot;_animation&quot;:&quot;fadeInLeft&quot;}\" data-widget_type=\"text-editor.default\">\n\t\t\t\t<div class=\"elementor-widget-container\">\n\t\t\t<style>\/*! elementor - v3.19.0 - 07-02-2024 *\/\n.elementor-widget-text-editor.elementor-drop-cap-view-stacked .elementor-drop-cap{background-color:#69727d;color:#fff}.elementor-widget-text-editor.elementor-drop-cap-view-framed .elementor-drop-cap{color:#69727d;border:3px solid;background-color:transparent}.elementor-widget-text-editor:not(.elementor-drop-cap-view-default) .elementor-drop-cap{margin-top:8px}.elementor-widget-text-editor:not(.elementor-drop-cap-view-default) .elementor-drop-cap-letter{width:1em;height:1em}.elementor-widget-text-editor .elementor-drop-cap{float:left;text-align:center;line-height:1;font-size:50px}.elementor-widget-text-editor .elementor-drop-cap-letter{display:inline-block}<\/style>\t\t\t\t<p>Com mais de duas d\u00e9cadas de hist\u00f3ria, a <strong>Superliga de Xadrez<\/strong> consolidou-se como uma das <strong>maiores ligas esportivas do Estado de S\u00e3o Paulo<\/strong>. Nascida do legado do tradicional <strong>Circuito Noroeste Paulista de Xadrez<\/strong>, nossa organiza\u00e7\u00e3o \u00e9 hoje uma refer\u00eancia nacional na promo\u00e7\u00e3o e gest\u00e3o de eventos enxadristas.<\/p><p>Fundada em <strong>Catanduva-SP<\/strong> pelo professor e organizador <strong>Gleison Begalli<\/strong>, a Superliga de Xadrez atua como um hub de excel\u00eancia para o esporte. Somos uma estrutura completa dedicada a transformar o xadrez em um instrumento de desenvolvimento social, educacional e competitivo em todo o estado.<\/p><p><strong>Nossa Atua\u00e7\u00e3o:<\/strong><\/p><p><strong>Gest\u00e3o de Torneios:<\/strong> Organiza\u00e7\u00e3o t\u00e9cnica integral nos moldes da CBX e FIDE.<br \/><strong>Capacita\u00e7\u00e3o:<\/strong> Realiza\u00e7\u00e3o de cursos e palestras com mestres e especialistas.<br \/><strong>Eventos de Impacto<\/strong>: Simult\u00e2neas, exibi\u00e7\u00f5es e festivais que levam o xadrez para o grande p\u00fablico.<\/p>\t\t\t\t\t\t<\/div>\n\t\t\t\t<\/div>\n\t\t\t\t\t<\/div>\n\t\t<\/div>\n\t\t\t\t\t<\/div>\n\t\t<\/section>\n\t\t\t\t<section class=\"elementor-section elementor-top-section elementor-element elementor-element-6e1221f elementor-section-boxed elementor-section-height-default elementor-section-height-default\" data-id=\"6e1221f\" data-element_type=\"section\">\n\t\t\t\t\t\t<div class=\"elementor-container elementor-column-gap-default\">\n\t\t\t\t\t<div class=\"elementor-column elementor-col-100 elementor-top-column elementor-element elementor-element-b1bba7d\" data-id=\"b1bba7d\" data-element_type=\"column\">\n\t\t\t<div class=\"elementor-widget-wrap elementor-element-populated\">\n\t\t\t\t\t\t<div class=\"elementor-element elementor-element-5c08670 elementor-invisible elementor-widget elementor-widget-text-editor\" data-id=\"5c08670\" data-element_type=\"widget\" data-settings=\"{&quot;_animation&quot;:&quot;fadeIn&quot;}\" data-widget_type=\"text-editor.default\">\n\t\t\t\t<div class=\"elementor-widget-container\">\n\t\t\t\t\t\t\t<h3>Contate a Superliga de Xadrez:<\/h3><div><span style=\"background-color: var(--ast-global-color-5); color: var( --e-global-color-text );\">\u00a0<\/span><\/div><div>\u00a0<\/div>\t\t\t\t\t\t<\/div>\n\t\t\t\t<\/div>\n\t\t\t\t<div class=\"elementor-element elementor-element-0cd9ffc elementor-widget elementor-widget-text-editor\" data-id=\"0cd9ffc\" data-element_type=\"widget\" data-widget_type=\"text-editor.default\">\n\t\t\t\t<div class=\"elementor-widget-container\">\n\t\t\t\t\t\t\t<p>contato@superligadexadrez.com.br<\/p>\t\t\t\t\t\t<\/div>\n\t\t\t\t<\/div>\n\t\t\t\t\t<\/div>\n\t\t<\/div>\n\t\t\t\t\t<\/div>\n\t\t<\/section>\n\t\t\t\t<\/div>\n\t\t","protected":false},"excerpt":{"rendered":"<p>Bem vindos a Superliga de Xadrez Quem somos n\u00f3s? Com mais de duas d\u00e9cadas de hist\u00f3ria, a Superliga de Xadrez consolidou-se como uma das maiores ligas esportivas do Estado de S\u00e3o Paulo. Nascida do legado do tradicional Circuito Noroeste Paulista de Xadrez, nossa organiza\u00e7\u00e3o \u00e9 hoje uma refer\u00eancia nacional na promo\u00e7\u00e3o e gest\u00e3o de eventos &hellip;<\/p>\n<p class=\"read-more\"> <a class=\"\" href=\"https:\/\/superligadexadrez.com.br\/?page_id=214\"> <span class=\"screen-reader-text\">Sobre n\u00f3s<\/span> Leia mais &raquo;<\/a><\/p>\n","protected":false},"author":1,"featured_media":0,"parent":0,"menu_order":0,"comment_status":"closed","ping_status":"closed","template":"elementor_header_footer","meta":{"site-sidebar-layout":"no-sidebar","site-content-layout":"page-builder","ast-global-header-display":"","ast-main-header-display":"","ast-hfb-above-header-display":"","ast-hfb-below-header-display":"","ast-hfb-mobile-header-display":"","site-post-title":"disabled","ast-breadcrumbs-content":"","ast-featured-img":"disabled","footer-sml-layout":"","theme-transparent-header-meta":"","adv-header-id-meta":"","stick-header-meta":"","header-above-stick-meta":"","header-main-stick-meta":"","header-below-stick-meta":"","_joinchat":[],"footnotes":""},"class_list":["post-214","page","type-page","status-publish","hentry"],"yoast_head":"<!-- This site is optimized with the Yoast SEO plugin v27.2 - https:\/\/yoast.com\/product\/yoast-seo-wordpress\/ -->\n<title>Sobre n\u00f3s - Superliga de Xadrez 2026<\/title>\n<meta name=\"robots\" content=\"index, follow, max-snippet:-1, max-image-preview:large, max-video-preview:-1\" \/>\n<link rel=\"canonical\" href=\"https:\/\/superligadexadrez.com.br\/?page_id=214\" \/>\n<meta property=\"og:locale\" content=\"pt_BR\" \/>\n<meta property=\"og:type\" content=\"article\" \/>\n<meta property=\"og:title\" content=\"Sobre n\u00f3s - Superliga de Xadrez 2026\" \/>\n<meta property=\"og:description\" content=\"Bem vindos a Superliga de Xadrez Quem somos n\u00f3s? Com mais de duas d\u00e9cadas de hist\u00f3ria, a Superliga de Xadrez consolidou-se como uma das maiores ligas esportivas do Estado de S\u00e3o Paulo. Nascida do legado do tradicional Circuito Noroeste Paulista de Xadrez, nossa organiza\u00e7\u00e3o \u00e9 hoje uma refer\u00eancia nacional na promo\u00e7\u00e3o e gest\u00e3o de eventos &hellip; Sobre n\u00f3s Leia mais &raquo;\" \/>\n<meta property=\"og:url\" content=\"https:\/\/superligadexadrez.com.br\/?page_id=214\" \/>\n<meta property=\"og:site_name\" content=\"Superliga de Xadrez 2026\" \/>\n<meta property=\"article:publisher\" content=\"https:\/\/www.facebook.com\/superligadexadrez\/\" \/>\n<meta property=\"article:modified_time\" content=\"2026-03-22T20:58:08+00:00\" \/>\n<meta property=\"og:image\" content=\"https:\/\/superligadexadrez.com.br\/wp-content\/uploads\/2023\/04\/cropped-277570020_451154980141346_3296995900946603823_n.jpg\" \/>\n\t<meta property=\"og:image:width\" content=\"512\" \/>\n\t<meta property=\"og:image:height\" content=\"512\" \/>\n\t<meta property=\"og:image:type\" content=\"image\/jpeg\" \/>\n<meta name=\"twitter:card\" content=\"summary_large_image\" \/>\n<meta name=\"twitter:label1\" content=\"Est. tempo de leitura\" \/>\n\t<meta name=\"twitter:data1\" content=\"1 minuto\" \/>\n<script type=\"application\/ld+json\" class=\"yoast-schema-graph\">{\"@context\":\"https:\/\/schema.org\",\"@graph\":[{\"@type\":\"WebPage\",\"@id\":\"https:\/\/superligadexadrez.com.br\/?page_id=214\",\"url\":\"https:\/\/superligadexadrez.com.br\/?page_id=214\",\"name\":\"Sobre n\u00f3s - Superliga de Xadrez 2026\",\"isPartOf\":{\"@id\":\"https:\/\/superligadexadrez.com.br\/#website\"},\"datePublished\":\"2023-06-09T12:36:55+00:00\",\"dateModified\":\"2026-03-22T20:58:08+00:00\",\"breadcrumb\":{\"@id\":\"https:\/\/superligadexadrez.com.br\/?page_id=214#breadcrumb\"},\"inLanguage\":\"pt-BR\",\"potentialAction\":[{\"@type\":\"ReadAction\",\"target\":[\"https:\/\/superligadexadrez.com.br\/?page_id=214\"]}]},{\"@type\":\"BreadcrumbList\",\"@id\":\"https:\/\/superligadexadrez.com.br\/?page_id=214#breadcrumb\",\"itemListElement\":[{\"@type\":\"ListItem\",\"position\":1,\"name\":\"In\u00edcio\",\"item\":\"https:\/\/superligadexadrez.com.br\/\"},{\"@type\":\"ListItem\",\"position\":2,\"name\":\"Sobre n\u00f3s\"}]},{\"@type\":\"WebSite\",\"@id\":\"https:\/\/superligadexadrez.com.br\/#website\",\"url\":\"https:\/\/superligadexadrez.com.br\/\",\"name\":\"Superliga de Xadrez\",\"description\":\"Liga Esportiva de Xadrez Torneios, Simult\u00e2neas e Eventos de Xadrez em Geral.\",\"publisher\":{\"@id\":\"https:\/\/superligadexadrez.com.br\/#organization\"},\"potentialAction\":[{\"@type\":\"SearchAction\",\"target\":{\"@type\":\"EntryPoint\",\"urlTemplate\":\"https:\/\/superligadexadrez.com.br\/?s={search_term_string}\"},\"query-input\":{\"@type\":\"PropertyValueSpecification\",\"valueRequired\":true,\"valueName\":\"search_term_string\"}}],\"inLanguage\":\"pt-BR\"},{\"@type\":\"Organization\",\"@id\":\"https:\/\/superligadexadrez.com.br\/#organization\",\"name\":\"Superliga de Xadrez\",\"url\":\"https:\/\/superligadexadrez.com.br\/\",\"logo\":{\"@type\":\"ImageObject\",\"inLanguage\":\"pt-BR\",\"@id\":\"https:\/\/superligadexadrez.com.br\/#\/schema\/logo\/image\/\",\"url\":\"http:\/\/superligadexadrez.com.br\/wp-content\/uploads\/2023\/04\/cropped-277570020_451154980141346_3296995900946603823_n.jpg\",\"contentUrl\":\"http:\/\/superligadexadrez.com.br\/wp-content\/uploads\/2023\/04\/cropped-277570020_451154980141346_3296995900946603823_n.jpg\",\"width\":512,\"height\":512,\"caption\":\"Superliga de Xadrez\"},\"image\":{\"@id\":\"https:\/\/superligadexadrez.com.br\/#\/schema\/logo\/image\/\"},\"sameAs\":[\"https:\/\/www.facebook.com\/superligadexadrez\/\"]}]}<\/script>\n<!-- \/ Yoast SEO plugin. -->","yoast_head_json":{"title":"Sobre n\u00f3s - Superliga de Xadrez 2026","robots":{"index":"index","follow":"follow","max-snippet":"max-snippet:-1","max-image-preview":"max-image-preview:large","max-video-preview":"max-video-preview:-1"},"canonical":"https:\/\/superligadexadrez.com.br\/?page_id=214","og_locale":"pt_BR","og_type":"article","og_title":"Sobre n\u00f3s - Superliga de Xadrez 2026","og_description":"Bem vindos a Superliga de Xadrez Quem somos n\u00f3s? Com mais de duas d\u00e9cadas de hist\u00f3ria, a Superliga de Xadrez consolidou-se como uma das maiores ligas esportivas do Estado de S\u00e3o Paulo. Nascida do legado do tradicional Circuito Noroeste Paulista de Xadrez, nossa organiza\u00e7\u00e3o \u00e9 hoje uma refer\u00eancia nacional na promo\u00e7\u00e3o e gest\u00e3o de eventos &hellip; Sobre n\u00f3s Leia mais &raquo;","og_url":"https:\/\/superligadexadrez.com.br\/?page_id=214","og_site_name":"Superliga de Xadrez 2026","article_publisher":"https:\/\/www.facebook.com\/superligadexadrez\/","article_modified_time":"2026-03-22T20:58:08+00:00","og_image":[{"width":512,"height":512,"url":"https:\/\/superligadexadrez.com.br\/wp-content\/uploads\/2023\/04\/cropped-277570020_451154980141346_3296995900946603823_n.jpg","type":"image\/jpeg"}],"twitter_card":"summary_large_image","twitter_misc":{"Est. tempo de leitura":"1 minuto"},"schema":{"@context":"https:\/\/schema.org","@graph":[{"@type":"WebPage","@id":"https:\/\/superligadexadrez.com.br\/?page_id=214","url":"https:\/\/superligadexadrez.com.br\/?page_id=214","name":"Sobre n\u00f3s - Superliga de Xadrez 2026","isPartOf":{"@id":"https:\/\/superligadexadrez.com.br\/#website"},"datePublished":"2023-06-09T12:36:55+00:00","dateModified":"2026-03-22T20:58:08+00:00","breadcrumb":{"@id":"https:\/\/superligadexadrez.com.br\/?page_id=214#breadcrumb"},"inLanguage":"pt-BR","potentialAction":[{"@type":"ReadAction","target":["https:\/\/superligadexadrez.com.br\/?page_id=214"]}]},{"@type":"BreadcrumbList","@id":"https:\/\/superligadexadrez.com.br\/?page_id=214#breadcrumb","itemListElement":[{"@type":"ListItem","position":1,"name":"In\u00edcio","item":"https:\/\/superligadexadrez.com.br\/"},{"@type":"ListItem","position":2,"name":"Sobre n\u00f3s"}]},{"@type":"WebSite","@id":"https:\/\/superligadexadrez.com.br\/#website","url":"https:\/\/superligadexadrez.com.br\/","name":"Superliga de Xadrez","description":"Liga Esportiva de Xadrez Torneios, Simult\u00e2neas e Eventos de Xadrez em Geral.","publisher":{"@id":"https:\/\/superligadexadrez.com.br\/#organization"},"potentialAction":[{"@type":"SearchAction","target":{"@type":"EntryPoint","urlTemplate":"https:\/\/superligadexadrez.com.br\/?s={search_term_string}"},"query-input":{"@type":"PropertyValueSpecification","valueRequired":true,"valueName":"search_term_string"}}],"inLanguage":"pt-BR"},{"@type":"Organization","@id":"https:\/\/superligadexadrez.com.br\/#organization","name":"Superliga de Xadrez","url":"https:\/\/superligadexadrez.com.br\/","logo":{"@type":"ImageObject","inLanguage":"pt-BR","@id":"https:\/\/superligadexadrez.com.br\/#\/schema\/logo\/image\/","url":"http:\/\/superligadexadrez.com.br\/wp-content\/uploads\/2023\/04\/cropped-277570020_451154980141346_3296995900946603823_n.jpg","contentUrl":"http:\/\/superligadexadrez.com.br\/wp-content\/uploads\/2023\/04\/cropped-277570020_451154980141346_3296995900946603823_n.jpg","width":512,"height":512,"caption":"Superliga de Xadrez"},"image":{"@id":"https:\/\/superligadexadrez.com.br\/#\/schema\/logo\/image\/"},"sameAs":["https:\/\/www.facebook.com\/superligadexadrez\/"]}]}},"jetpack_sharing_enabled":true,"_links":{"self":[{"href":"https:\/\/superligadexadrez.com.br\/index.php?rest_route=\/wp\/v2\/pages\/214","targetHints":{"allow":["GET"]}}],"collection":[{"href":"https:\/\/superligadexadrez.com.br\/index.php?rest_route=\/wp\/v2\/pages"}],"about":[{"href":"https:\/\/superligadexadrez.com.br\/index.php?rest_route=\/wp\/v2\/types\/page"}],"author":[{"embeddable":true,"href":"https:\/\/superligadexadrez.com.br\/index.php?rest_route=\/wp\/v2\/users\/1"}],"replies":[{"embeddable":true,"href":"https:\/\/superligadexadrez.com.br\/index.php?rest_route=%2Fwp%2Fv2%2Fcomments&post=214"}],"version-history":[{"count":22,"href":"https:\/\/superligadexadrez.com.br\/index.php?rest_route=\/wp\/v2\/pages\/214\/revisions"}],"predecessor-version":[{"id":1454,"href":"https:\/\/superligadexadrez.com.br\/index.php?rest_route=\/wp\/v2\/pages\/214\/revisions\/1454"}],"wp:attachment":[{"href":"https:\/\/superligadexadrez.com.br\/index.php?rest_route=%2Fwp%2Fv2%2Fmedia&parent=214"}],"curies":[{"name":"wp","href":"https:\/\/api.w.org\/{rel}","templated":true}]}}